{"id":243,"date":"2018-09-12T14:38:15","date_gmt":"2018-09-12T12:38:15","guid":{"rendered":"http:\/\/stadtteilschule-eidelstedt.schulhomepages.hamburg.de\/?page_id=243"},"modified":"2025-02-20T09:01:29","modified_gmt":"2025-02-20T08:01:29","slug":"schulverein","status":"publish","type":"page","link":"https:\/\/stadtteilschule-eidelstedt.hamburg.de\/?page_id=243","title":{"rendered":"Schulverein"},"content":{"rendered":"<p>Der Schulverein ist ein gemeinn\u00fctziger Verein von Eltern f\u00fcr Sch\u00fcler:innen! Er hilft dort, wo die finanziellen Mittel der Schule nicht ausreichen.<\/p>\n<p>Das sind zum Beispiel Zusch\u00fcsse f\u00fcr Klassenfahrten, f\u00fcr die Schulbibliothek, f\u00fcr den Beratungsdienst oder f\u00fcr die Ausbildung der Streitschlichter:innen. Auch schulische Veranstaltungen und Wettbewerbe werden vom Schulverein finanziell unterst\u00fctzt, genauso wie viele wiederkehrende Aktivit\u00e4ten und Projekte an der Schule. Aber auch f\u00fcr gr\u00f6\u00dfere Anschaffungen und pl\u00f6tzliche Eventualit\u00e4ten ist er da.<\/p>\n<p>Der Schulverein finanziert sich durch die Mitgliedsbeitr\u00e4ge und Spenden.&nbsp;<\/p>\n<p><strong>Unterst\u00fctzen Sie die Schule Ihres Kindes und werden Sie Mitglied! Helfen Sie mit, den Schulalltag abwechslungsreicher und ansprechender zu gestalten. Der Mindestbeitrag liegt bei 12,- Euro pro Jahr, es darf gern mehr sein.&nbsp;<\/strong><\/p>\n<p><strong>Neben Ihrem Mitgliedsbeitrag k\u00f6nnen Sie uns auch durch Ihre aktive Mitarbeit unterst\u00fctzen. Helfen Sie bei den Schulveranstaltungen mit oder bringen Sie sich durch Vorschl\u00e4ge oder Anregungen ein. Sie sind herzlich willkommen!<\/strong><\/p>\n<p>F\u00fcllen Sie einfach die Beitrittserkl\u00e4rung aus und geben diese im Sekretariat der Schule ab oder Ihrem Kind mit. Die Mitgliedschaft endet automatisch mit Ausscheiden Ihres Kindes aus der Schule.<\/p>\n<p>Wenn Sie noch Fragen haben, kontaktieren Sie das Schulb\u00fcro unter 040 428 796 &#8211; 0<\/p>\n<p><a href=\"https:\/\/stadtteilschule-eidelstedt.hamburg.de\/wp-content\/uploads\/sites\/726\/2025\/02\/2024-09-05-Eintrittserklaerung.pdf\" target=\"_blank\" rel=\"noopener\">Formular Beitrittserkl\u00e4rung (PDF)<\/a><\/p>\n<p style=\"text-align: center\"><a href=\"https:\/\/stadtteilschule-eidelstedt.hamburg.de\/?page_id=8102\" class=\"su-button su-button-style-flat\" style=\"color:#FFFFFF;background-color:#008daa;border-color:#007188;border-radius:7px\" target=\"_blank\" rel=\"noopener noreferrer\" title=\"Kontaktformular\"><span style=\"color:#FFFFFF;padding:0px 20px;font-size:16px;line-height:32px;border-color:#4db0c4;border-radius:7px;text-shadow:0px 0px 0px #000000\"> Kontaktformular<small style=\"padding-bottom:7px;color:#FFFFFF\">Schulverein<\/small><\/span><\/a>\n","protected":false},"excerpt":{"rendered":"<p>Der Schulverein ist ein gemeinn\u00fctziger Verein von Eltern f\u00fcr Sch\u00fcler:innen! Er hilft dort, wo die finanziellen Mittel der Schule nicht ausreichen. Das sind zum Beispiel Zusch\u00fcsse f\u00fcr Klassenfahrten, f\u00fcr die Schulbibliothek, f\u00fcr den Beratungsdienst oder f\u00fcr die Ausbildung der Streitschlichter:innen. Auch schulische Veranstaltungen und Wettbewerbe werden vom Schulverein finanziell unterst\u00fctzt, genauso wie viele wiederkehrende Aktivit\u00e4ten &hellip; <\/p>\n<p class=\"link-more\"><a href=\"https:\/\/stadtteilschule-eidelstedt.hamburg.de\/?page_id=243\" class=\"more-link\"><span class=\"screen-reader-text\">\u201eSchulverein\u201c <\/span>weiterlesen<\/a><\/p>\n","protected":false},"author":898,"featured_media":25,"parent":2,"menu_order":40,"comment_status":"closed","ping_status":"closed","template":"","meta":{"_acf_changed":false,"footnotes":""},"class_list":["post-243","page","type-page","status-publish","has-post-thumbnail","hentry"],"acf":[],"_links":{"self":[{"href":"https:\/\/stadtteilschule-eidelstedt.hamburg.de\/index.php?rest_route=\/wp\/v2\/pages\/243","targetHints":{"allow":["GET"]}}],"collection":[{"href":"https:\/\/stadtteilschule-eidelstedt.hamburg.de\/index.php?rest_route=\/wp\/v2\/pages"}],"about":[{"href":"https:\/\/stadtteilschule-eidelstedt.hamburg.de\/index.php?rest_route=\/wp\/v2\/types\/page"}],"author":[{"embeddable":true,"href":"https:\/\/stadtteilschule-eidelstedt.hamburg.de\/index.php?rest_route=\/wp\/v2\/users\/898"}],"replies":[{"embeddable":true,"href":"https:\/\/stadtteilschule-eidelstedt.hamburg.de\/index.php?rest_route=%2Fwp%2Fv2%2Fcomments&post=243"}],"version-history":[{"count":6,"href":"https:\/\/stadtteilschule-eidelstedt.hamburg.de\/index.php?rest_route=\/wp\/v2\/pages\/243\/revisions"}],"predecessor-version":[{"id":8108,"href":"https:\/\/stadtteilschule-eidelstedt.hamburg.de\/index.php?rest_route=\/wp\/v2\/pages\/243\/revisions\/8108"}],"up":[{"embeddable":true,"href":"https:\/\/stadtteilschule-eidelstedt.hamburg.de\/index.php?rest_route=\/wp\/v2\/pages\/2"}],"wp:featuredmedia":[{"embeddable":true,"href":"https:\/\/stadtteilschule-eidelstedt.hamburg.de\/index.php?rest_route=\/wp\/v2\/media\/25"}],"wp:attachment":[{"href":"https:\/\/stadtteilschule-eidelstedt.hamburg.de\/index.php?rest_route=%2Fwp%2Fv2%2Fmedia&parent=243"}],"curies":[{"name":"wp","href":"https:\/\/api.w.org\/{rel}","templated":true}]}}