{"id":256,"date":"2018-09-19T10:13:29","date_gmt":"2018-09-19T08:13:29","guid":{"rendered":"http:\/\/stadtteilschule-eidelstedt.schulhomepages.hamburg.de\/?page_id=256"},"modified":"2025-09-15T14:55:16","modified_gmt":"2025-09-15T12:55:16","slug":"jahrgang-5-7","status":"publish","type":"page","link":"https:\/\/stadtteilschule-eidelstedt.hamburg.de\/?page_id=256","title":{"rendered":"Jahrgang 5-7"},"content":{"rendered":"<p>Die Jahrg\u00e4nge 5-7 befinden sich am Standort Niekampsweg. Das gro\u00dfz\u00fcgige, gr\u00fcne und teilweise sehr naturbelassene Gel\u00e4nde l\u00e4dt zum Toben und Spielen ein, bietet aber auch M\u00f6glichkeiten des R\u00fcckzugs.&nbsp;<\/p>\n<p>Der \u00dcbergang von der Grundschule in die 5.Klasse bedarf Zeit und die nehmen wir uns auch. Die ersten Tage der F\u00fcnftkl\u00e4ssler sind bewusst Kennenlerntage mit gemeinsamen Aktivit\u00e4ten, ausschlie\u00dflich in der neuen Klassengemeinschaft. In den Jahrg\u00e4ngen 5 und 6 steht das <strong>\u201eSoziale Lernen\u201c<\/strong> im Vordergrund, eng begleitet durch den Beratungsdienst. Im <strong>w\u00f6chentlichen Klassenrat<\/strong> werden soziale Kompetenzen trainiert, ebenso Regeln und Rituale des Zusammenlebens thematisiert. Hochengagierte, <strong>multiprofessionelle Klassenleitungsteams<\/strong>,&nbsp;bestehend aus Fachlehrern, Sonderp\u00e4dagogen und Sozialp\u00e4dagogen, teilweise auch Erziehern stellen sich auf die Bed\u00fcrfnisse und Lernf\u00e4higkeiten der einzelnen Sch\u00fclerinnen und Sch\u00fcler ein. Die St\u00e4rkung des gegenseitigen Verst\u00e4ndnisses, Hilfsbereitschaft und die Achtung des Anderen sind uns neben dem umfangreichen Lehrauftrag ein wichtiges Anliegen.<\/p>\n<p>Neu im Jahrgang 5 sind die <strong>Themenklassen<\/strong>. Einmal pro Woche arbeiten die F\u00fcnftkl\u00e4ssler an einem Schulvormittag zu einem inhaltlichen Schwerpunkt. In der Forscherklasse, der Fit- und Gesundklasse, der Kreativklasse, der Handwerksklasse und der \u201eOn-Stage\u201c-Klasse werden f\u00e4cher\u00fcbergreifend Begabungen und Interessen gef\u00f6rdert.<\/p>\n<div id='gallery-1' class='gallery galleryid-256 gallery-columns-4 gallery-size-thumbnail'><figure class='gallery-item'>\n\t\t\t<div class='gallery-icon landscape'>\n\t\t\t\t<a href='https:\/\/stadtteilschule-eidelstedt.hamburg.de\/wp-content\/uploads\/sites\/726\/2024\/01\/3-.jpeg' title=\"\" data-rl_title=\"\" class=\"rl-gallery-link\" data-rl_caption=\"\" data-rel=\"lightbox-gallery-1\"><img loading=\"lazy\" decoding=\"async\" width=\"150\" height=\"150\" src=\"https:\/\/stadtteilschule-eidelstedt.hamburg.de\/wp-content\/uploads\/sites\/726\/2024\/01\/3--150x150.jpeg\" class=\"attachment-thumbnail size-thumbnail\" alt=\"\" srcset=\"https:\/\/stadtteilschule-eidelstedt.hamburg.de\/wp-content\/uploads\/sites\/726\/2024\/01\/3--150x150.jpeg 150w, https:\/\/stadtteilschule-eidelstedt.hamburg.de\/wp-content\/uploads\/sites\/726\/2024\/01\/3--100x100.jpeg 100w\" sizes=\"auto, 100vw\" \/><\/a>\n\t\t\t<\/div><\/figure><figure class='gallery-item'>\n\t\t\t<div class='gallery-icon landscape'>\n\t\t\t\t<a href='https:\/\/stadtteilschule-eidelstedt.hamburg.de\/wp-content\/uploads\/sites\/726\/2024\/01\/IMG_6232-scaled.jpg' title=\"\" data-rl_title=\"\" class=\"rl-gallery-link\" data-rl_caption=\"\" data-rel=\"lightbox-gallery-1\"><img loading=\"lazy\" decoding=\"async\" width=\"150\" height=\"150\" src=\"https:\/\/stadtteilschule-eidelstedt.hamburg.de\/wp-content\/uploads\/sites\/726\/2024\/01\/IMG_6232-150x150.jpg\" class=\"attachment-thumbnail size-thumbnail\" alt=\"\" srcset=\"https:\/\/stadtteilschule-eidelstedt.hamburg.de\/wp-content\/uploads\/sites\/726\/2024\/01\/IMG_6232-150x150.jpg 150w, https:\/\/stadtteilschule-eidelstedt.hamburg.de\/wp-content\/uploads\/sites\/726\/2024\/01\/IMG_6232-100x100.jpg 100w\" sizes=\"auto, 100vw\" \/><\/a>\n\t\t\t<\/div><\/figure><figure class='gallery-item'>\n\t\t\t<div class='gallery-icon landscape'>\n\t\t\t\t<a href='https:\/\/stadtteilschule-eidelstedt.hamburg.de\/wp-content\/uploads\/sites\/726\/2024\/01\/2F7A8324-scaled.jpg' title=\"\" data-rl_title=\"\" class=\"rl-gallery-link\" data-rl_caption=\"\" data-rel=\"lightbox-gallery-1\"><img loading=\"lazy\" decoding=\"async\" width=\"150\" height=\"150\" src=\"https:\/\/stadtteilschule-eidelstedt.hamburg.de\/wp-content\/uploads\/sites\/726\/2024\/01\/2F7A8324-150x150.jpg\" class=\"attachment-thumbnail size-thumbnail\" alt=\"\" srcset=\"https:\/\/stadtteilschule-eidelstedt.hamburg.de\/wp-content\/uploads\/sites\/726\/2024\/01\/2F7A8324-150x150.jpg 150w, https:\/\/stadtteilschule-eidelstedt.hamburg.de\/wp-content\/uploads\/sites\/726\/2024\/01\/2F7A8324-100x100.jpg 100w\" sizes=\"auto, 100vw\" \/><\/a>\n\t\t\t<\/div><\/figure><figure class='gallery-item'>\n\t\t\t<div class='gallery-icon landscape'>\n\t\t\t\t<a href='https:\/\/stadtteilschule-eidelstedt.hamburg.de\/wp-content\/uploads\/sites\/726\/2024\/01\/IMG_7699-scaled.jpg' title=\"\" data-rl_title=\"\" class=\"rl-gallery-link\" data-rl_caption=\"\" data-rel=\"lightbox-gallery-1\"><img loading=\"lazy\" decoding=\"async\" width=\"150\" height=\"150\" src=\"https:\/\/stadtteilschule-eidelstedt.hamburg.de\/wp-content\/uploads\/sites\/726\/2024\/01\/IMG_7699-150x150.jpg\" class=\"attachment-thumbnail size-thumbnail\" alt=\"\" srcset=\"https:\/\/stadtteilschule-eidelstedt.hamburg.de\/wp-content\/uploads\/sites\/726\/2024\/01\/IMG_7699-150x150.jpg 150w, https:\/\/stadtteilschule-eidelstedt.hamburg.de\/wp-content\/uploads\/sites\/726\/2024\/01\/IMG_7699-100x100.jpg 100w\" sizes=\"auto, 100vw\" \/><\/a>\n\t\t\t<\/div><\/figure>\n\t\t<\/div>\n\n<p><a href=\"https:\/\/stadtteilschule-eidelstedt.hamburg.de\/wp-content\/uploads\/sites\/726\/2023\/11\/20231101_02_Faltblatt_Jahrgang_5_WEB.pdf\" target=\"_blank\" rel=\"noopener\">Informationsblatt zur Klassenstufe 5 (PDF)<\/a><\/p>\n<p><a href=\"https:\/\/stadtteilschule-eidelstedt.hamburg.de\/wp-content\/uploads\/sites\/726\/2023\/11\/20231101_03_Magazin_Themenklassen_WEB.pdf\" target=\"_blank\" rel=\"noopener\">Informationsbrosch\u00fcre zu den Themenklassen (PDF)<\/a><\/p>\n","protected":false},"excerpt":{"rendered":"<p>Die Jahrg\u00e4nge 5-7 befinden sich am Standort Niekampsweg. Das gro\u00dfz\u00fcgige, gr\u00fcne und teilweise sehr naturbelassene Gel\u00e4nde l\u00e4dt zum Toben und Spielen ein, bietet aber auch M\u00f6glichkeiten des R\u00fcckzugs.&nbsp; Der \u00dcbergang von der Grundschule in die 5.Klasse bedarf Zeit und die nehmen wir uns auch. Die ersten Tage der F\u00fcnftkl\u00e4ssler sind bewusst Kennenlerntage mit gemeinsamen Aktivit\u00e4ten, &hellip; <\/p>\n<p class=\"link-more\"><a href=\"https:\/\/stadtteilschule-eidelstedt.hamburg.de\/?page_id=256\" class=\"more-link\"><span class=\"screen-reader-text\">\u201eJahrgang 5-7\u201c <\/span>weiterlesen<\/a><\/p>\n","protected":false},"author":898,"featured_media":6987,"parent":6,"menu_order":10,"comment_status":"closed","ping_status":"closed","template":"","meta":{"_acf_changed":false,"footnotes":""},"class_list":["post-256","page","type-page","status-publish","has-post-thumbnail","hentry"],"acf":[],"_links":{"self":[{"href":"https:\/\/stadtteilschule-eidelstedt.hamburg.de\/index.php?rest_route=\/wp\/v2\/pages\/256","targetHints":{"allow":["GET"]}}],"collection":[{"href":"https:\/\/stadtteilschule-eidelstedt.hamburg.de\/index.php?rest_route=\/wp\/v2\/pages"}],"about":[{"href":"https:\/\/stadtteilschule-eidelstedt.hamburg.de\/index.php?rest_route=\/wp\/v2\/types\/page"}],"author":[{"embeddable":true,"href":"https:\/\/stadtteilschule-eidelstedt.hamburg.de\/index.php?rest_route=\/wp\/v2\/users\/898"}],"replies":[{"embeddable":true,"href":"https:\/\/stadtteilschule-eidelstedt.hamburg.de\/index.php?rest_route=%2Fwp%2Fv2%2Fcomments&post=256"}],"version-history":[{"count":15,"href":"https:\/\/stadtteilschule-eidelstedt.hamburg.de\/index.php?rest_route=\/wp\/v2\/pages\/256\/revisions"}],"predecessor-version":[{"id":8458,"href":"https:\/\/stadtteilschule-eidelstedt.hamburg.de\/index.php?rest_route=\/wp\/v2\/pages\/256\/revisions\/8458"}],"up":[{"embeddable":true,"href":"https:\/\/stadtteilschule-eidelstedt.hamburg.de\/index.php?rest_route=\/wp\/v2\/pages\/6"}],"wp:featuredmedia":[{"embeddable":true,"href":"https:\/\/stadtteilschule-eidelstedt.hamburg.de\/index.php?rest_route=\/wp\/v2\/media\/6987"}],"wp:attachment":[{"href":"https:\/\/stadtteilschule-eidelstedt.hamburg.de\/index.php?rest_route=%2Fwp%2Fv2%2Fmedia&parent=256"}],"curies":[{"name":"wp","href":"https:\/\/api.w.org\/{rel}","templated":true}]}}