{"id":262,"date":"2018-09-19T10:16:50","date_gmt":"2018-09-19T08:16:50","guid":{"rendered":"http:\/\/stadtteilschule-eidelstedt.schulhomepages.hamburg.de\/?page_id=262"},"modified":"2022-12-11T18:25:05","modified_gmt":"2022-12-11T17:25:05","slug":"gesellschaftswissenschaften","status":"publish","type":"page","link":"https:\/\/stadtteilschule-eidelstedt.hamburg.de\/?page_id=262","title":{"rendered":"Gesellschaftswissenschaften"},"content":{"rendered":"<p><strong>Gesellschaft<\/strong><\/p>\n<p>In den Jahrg\u00e4ngen 5 und 6 gibt es das Fach Gesellschaft, eine Kombination aus allen gesellschaftswissenschaftlichen F\u00e4chern. Unsere Lieblingsthemen sind dabei immer wieder \u201eKinder der Welt\u201c und \u201eSchokolade\u201c \u2013 tolle Themen, bei denen unsere Sch\u00fclerinnen und Sch\u00fcler viel \u00fcber die Welt und ihre Gesellschaften lernen. Auch nehmen wir uns regelm\u00e4\u00dfig Zeit f\u00fcr aktuelle Ereignisse und unsere Heimatstadt Hamburg.<\/p>\n<p>Ab dem Jahrgang 7 werden zur Zeit noch bei uns die einzelnen F\u00e4cher unterrichtet: Geografie, Geschichte und PGW (Politik\/Gesellschaft\/Wirtschaft).<\/p>\n<p><strong>Geschichte<\/strong><\/p>\n<p>Im Fach Geschichte (Jg. 7 und 9) begeben wir uns auf Spurensuche in Vergangenheit und Gegenwart. Im Jahrgang 9 steht vor allem das 20. Jahrhundert im Mittelpunkt. J\u00e4hrlich besuchen wir die KZ-Gedenkst\u00e4tte Neuengamme.<\/p>\n<p><strong>Geographie<\/strong><\/p>\n<p>Warum gibt es Tag und Nacht? Wie entstehen die Jahreszeiten oder warum gibt es Kontinente? Das sind nur einige Fragen, die wir im Geographieunterricht (Jg. 8 und 10) beantworten. Wir besch\u00e4ftigen uns aber auch mit ganz aktuellen Themen: Wie funktioniert das Leben in der Stadt und auf dem Land, wie unterschiedlich leben Menschen in verschiedenen Regionen der Erde, und warum entscheiden sich einige von ihnen, ihre Heimat zu verlassen, um zum Beispiel in Deutschland ein neues Leben zu beginnen? Wir freuen uns darauf, mit euch an verschiedenen Themen aktuell und auch in Zukunft gemeinsam zu arbeiten, um so einen Beitrag f\u00fcr ein friedfertiges und gemeinschaftliches Leben auf unserer Erde zu leisten.<\/p>\n<p><strong>Politik\/Gesellschaft\/Wirtschaft<\/strong><\/p>\n<p>Im Fach PGW (Jg. 8 und 10) stehen wirtschaftliche Zusammenh\u00e4nge und Demokratieerziehung im Vordergrund. In diesem Zusammenhang geht es am Ende des Jahrgangs 10 stets zu einer zweit\u00e4gigen Erkundung geschichtlicher und politischer Lernorte nach Berlin, die sicherlich allen in guter Erinnerung bleibt.<\/p>\n<p>Ab dem Schuljahr 2019\/2020 werden wir wieder von der 5. bis zur 10. Klasse das Fach Gesellschaft unterrichten, in welchem Geschichte, Geographie und PGW integriert sind.<\/p>\n<p><strong>Religion<\/strong><\/p>\n<p>Das Besondere am Religionsunterricht in Hamburg ist, dass dieser die verschiedenen Religionen und Weltanschauungen gleichberechtigt ber\u00fccksichtigt. Die Sch\u00fclerinnen und Sch\u00fcler erhalten dadurch die Gelegenheit, sowohl Grundkenntnisse in den verschiedenen Religionen als auch vertiefende Einblicke in ihre eigene Religion zu gewinnen. Dies f\u00f6rdert ihre Dialogkompetenz und Toleranzf\u00e4higkeit in hohem Ma\u00dfe.<\/p>\n<p>An der Stadtteilschule Eidelstedt wird Religion in den Jahrg\u00e4ngen 5 und 6 im Klassenverband und in den Jahrg\u00e4ngen 7 und 10 in klassen\u00fcbergreifenden Kursen unterrichtet. Ebenso haben die Sch\u00fclerinnen und Sch\u00fcler in der Oberstufe die M\u00f6glichkeit, Religion zu w\u00e4hlen (Klasse 11-13) und in diesem Fach das Abitur zu absolvieren.<\/p>\n<div id='gallery-1' class='gallery galleryid-262 gallery-columns-4 gallery-size-thumbnail'><figure class='gallery-item'>\n\t\t\t<div class='gallery-icon landscape'>\n\t\t\t\t<a href='https:\/\/stadtteilschule-eidelstedt.hamburg.de\/wp-content\/uploads\/sites\/726\/2018\/10\/11-2_reduziert.jpg' title=\"\" data-rl_title=\"\" class=\"rl-gallery-link\" data-rl_caption=\"\" data-rel=\"lightbox-gallery-1\"><img loading=\"lazy\" decoding=\"async\" width=\"150\" height=\"150\" src=\"https:\/\/stadtteilschule-eidelstedt.hamburg.de\/wp-content\/uploads\/sites\/726\/2018\/10\/11-2_reduziert-150x150.jpg\" class=\"attachment-thumbnail size-thumbnail\" alt=\"\" srcset=\"https:\/\/stadtteilschule-eidelstedt.hamburg.de\/wp-content\/uploads\/sites\/726\/2018\/10\/11-2_reduziert-150x150.jpg 150w, https:\/\/stadtteilschule-eidelstedt.hamburg.de\/wp-content\/uploads\/sites\/726\/2018\/10\/11-2_reduziert-100x100.jpg 100w\" sizes=\"auto, 100vw\" \/><\/a>\n\t\t\t<\/div><\/figure><figure class='gallery-item'>\n\t\t\t<div class='gallery-icon portrait'>\n\t\t\t\t<a href='https:\/\/stadtteilschule-eidelstedt.hamburg.de\/wp-content\/uploads\/sites\/726\/2022\/12\/IMG_4407-scaled.jpg' title=\"\" data-rl_title=\"\" class=\"rl-gallery-link\" data-rl_caption=\"\" data-rel=\"lightbox-gallery-1\"><img loading=\"lazy\" decoding=\"async\" width=\"150\" height=\"150\" src=\"https:\/\/stadtteilschule-eidelstedt.hamburg.de\/wp-content\/uploads\/sites\/726\/2022\/12\/IMG_4407-150x150.jpg\" class=\"attachment-thumbnail size-thumbnail\" alt=\"\" srcset=\"https:\/\/stadtteilschule-eidelstedt.hamburg.de\/wp-content\/uploads\/sites\/726\/2022\/12\/IMG_4407-150x150.jpg 150w, https:\/\/stadtteilschule-eidelstedt.hamburg.de\/wp-content\/uploads\/sites\/726\/2022\/12\/IMG_4407-100x100.jpg 100w\" sizes=\"auto, 100vw\" \/><\/a>\n\t\t\t<\/div><\/figure><figure class='gallery-item'>\n\t\t\t<div class='gallery-icon landscape'>\n\t\t\t\t<a href='https:\/\/stadtteilschule-eidelstedt.hamburg.de\/wp-content\/uploads\/sites\/726\/2018\/10\/11-3.jpg' title=\"\" data-rl_title=\"\" class=\"rl-gallery-link\" data-rl_caption=\"\" data-rel=\"lightbox-gallery-1\"><img loading=\"lazy\" decoding=\"async\" width=\"150\" height=\"150\" src=\"https:\/\/stadtteilschule-eidelstedt.hamburg.de\/wp-content\/uploads\/sites\/726\/2018\/10\/11-3-150x150.jpg\" class=\"attachment-thumbnail size-thumbnail\" alt=\"\" srcset=\"https:\/\/stadtteilschule-eidelstedt.hamburg.de\/wp-content\/uploads\/sites\/726\/2018\/10\/11-3-150x150.jpg 150w, https:\/\/stadtteilschule-eidelstedt.hamburg.de\/wp-content\/uploads\/sites\/726\/2018\/10\/11-3-100x100.jpg 100w\" sizes=\"auto, 100vw\" \/><\/a>\n\t\t\t<\/div><\/figure><figure class='gallery-item'>\n\t\t\t<div class='gallery-icon landscape'>\n\t\t\t\t<a href='https:\/\/stadtteilschule-eidelstedt.hamburg.de\/wp-content\/uploads\/sites\/726\/2018\/10\/11-4-.jpg' title=\"\" data-rl_title=\"\" class=\"rl-gallery-link\" data-rl_caption=\"\" data-rel=\"lightbox-gallery-1\"><img loading=\"lazy\" decoding=\"async\" width=\"150\" height=\"150\" src=\"https:\/\/stadtteilschule-eidelstedt.hamburg.de\/wp-content\/uploads\/sites\/726\/2018\/10\/11-4--150x150.jpg\" class=\"attachment-thumbnail size-thumbnail\" alt=\"\" srcset=\"https:\/\/stadtteilschule-eidelstedt.hamburg.de\/wp-content\/uploads\/sites\/726\/2018\/10\/11-4--150x150.jpg 150w, https:\/\/stadtteilschule-eidelstedt.hamburg.de\/wp-content\/uploads\/sites\/726\/2018\/10\/11-4--100x100.jpg 100w\" sizes=\"auto, 100vw\" \/><\/a>\n\t\t\t<\/div><\/figure><figure class='gallery-item'>\n\t\t\t<div class='gallery-icon landscape'>\n\t\t\t\t<a href='https:\/\/stadtteilschule-eidelstedt.hamburg.de\/wp-content\/uploads\/sites\/726\/2018\/10\/11_reduziert.jpg' title=\"\" data-rl_title=\"\" class=\"rl-gallery-link\" data-rl_caption=\"\" data-rel=\"lightbox-gallery-1\"><img loading=\"lazy\" decoding=\"async\" width=\"150\" height=\"150\" src=\"https:\/\/stadtteilschule-eidelstedt.hamburg.de\/wp-content\/uploads\/sites\/726\/2018\/10\/11_reduziert-150x150.jpg\" class=\"attachment-thumbnail size-thumbnail\" alt=\"\" srcset=\"https:\/\/stadtteilschule-eidelstedt.hamburg.de\/wp-content\/uploads\/sites\/726\/2018\/10\/11_reduziert-150x150.jpg 150w, https:\/\/stadtteilschule-eidelstedt.hamburg.de\/wp-content\/uploads\/sites\/726\/2018\/10\/11_reduziert-100x100.jpg 100w\" sizes=\"auto, 100vw\" \/><\/a>\n\t\t\t<\/div><\/figure>\n\t\t<\/div>\n\n","protected":false},"excerpt":{"rendered":"<p>Gesellschaft In den Jahrg\u00e4ngen 5 und 6 gibt es das Fach Gesellschaft, eine Kombination aus allen gesellschaftswissenschaftlichen F\u00e4chern. Unsere Lieblingsthemen sind dabei immer wieder \u201eKinder der Welt\u201c und \u201eSchokolade\u201c \u2013 tolle Themen, bei denen unsere Sch\u00fclerinnen und Sch\u00fcler viel \u00fcber die Welt und ihre Gesellschaften lernen. Auch nehmen wir uns regelm\u00e4\u00dfig Zeit f\u00fcr aktuelle Ereignisse &hellip; <\/p>\n<p class=\"link-more\"><a href=\"https:\/\/stadtteilschule-eidelstedt.hamburg.de\/?page_id=262\" class=\"more-link\"><span class=\"screen-reader-text\">\u201eGesellschaftswissenschaften\u201c <\/span>weiterlesen<\/a><\/p>\n","protected":false},"author":898,"featured_media":553,"parent":49,"menu_order":40,"comment_status":"closed","ping_status":"closed","template":"","meta":{"_acf_changed":false,"footnotes":""},"class_list":["post-262","page","type-page","status-publish","has-post-thumbnail","hentry"],"acf":[],"_links":{"self":[{"href":"https:\/\/stadtteilschule-eidelstedt.hamburg.de\/index.php?rest_route=\/wp\/v2\/pages\/262","targetHints":{"allow":["GET"]}}],"collection":[{"href":"https:\/\/stadtteilschule-eidelstedt.hamburg.de\/index.php?rest_route=\/wp\/v2\/pages"}],"about":[{"href":"https:\/\/stadtteilschule-eidelstedt.hamburg.de\/index.php?rest_route=\/wp\/v2\/types\/page"}],"author":[{"embeddable":true,"href":"https:\/\/stadtteilschule-eidelstedt.hamburg.de\/index.php?rest_route=\/wp\/v2\/users\/898"}],"replies":[{"embeddable":true,"href":"https:\/\/stadtteilschule-eidelstedt.hamburg.de\/index.php?rest_route=%2Fwp%2Fv2%2Fcomments&post=262"}],"version-history":[{"count":3,"href":"https:\/\/stadtteilschule-eidelstedt.hamburg.de\/index.php?rest_route=\/wp\/v2\/pages\/262\/revisions"}],"predecessor-version":[{"id":5943,"href":"https:\/\/stadtteilschule-eidelstedt.hamburg.de\/index.php?rest_route=\/wp\/v2\/pages\/262\/revisions\/5943"}],"up":[{"embeddable":true,"href":"https:\/\/stadtteilschule-eidelstedt.hamburg.de\/index.php?rest_route=\/wp\/v2\/pages\/49"}],"wp:featuredmedia":[{"embeddable":true,"href":"https:\/\/stadtteilschule-eidelstedt.hamburg.de\/index.php?rest_route=\/wp\/v2\/media\/553"}],"wp:attachment":[{"href":"https:\/\/stadtteilschule-eidelstedt.hamburg.de\/index.php?rest_route=%2Fwp%2Fv2%2Fmedia&parent=262"}],"curies":[{"name":"wp","href":"https:\/\/api.w.org\/{rel}","templated":true}]}}

<p><strong>Gesellschaft</strong></p>
<p>In den Jahrgängen 5 und 6 gibt es das Fach Gesellschaft, eine Kombination aus allen gesellschaftswissenschaftlichen Fächern. Unsere Lieblingsthemen sind dabei immer wieder „Kinder der Welt“ und „Schokolade“ – tolle Themen, bei denen unsere Schülerinnen und Schüler viel über die Welt und ihre Gesellschaften lernen. Auch nehmen wir uns regelmäßig Zeit für aktuelle Ereignisse und unsere Heimatstadt Hamburg.</p>
<p>Ab dem Jahrgang 7 werden zur Zeit noch bei uns die einzelnen Fächer unterrichtet: Geografie, Geschichte und PGW (Politik/Gesellschaft/Wirtschaft).</p>
<p><strong>Geschichte</strong></p>
<p>Im Fach Geschichte (Jg. 7 und 9) begeben wir uns auf Spurensuche in Vergangenheit und Gegenwart. Im Jahrgang 9 steht vor allem das 20. Jahrhundert im Mittelpunkt. Jährlich besuchen wir die KZ-Gedenkstätte Neuengamme.</p>
<p><strong>Geographie</strong></p>
<p>Warum gibt es Tag und Nacht? Wie entstehen die Jahreszeiten oder warum gibt es Kontinente? Das sind nur einige Fragen, die wir im Geographieunterricht (Jg. 8 und 10) beantworten. Wir beschäftigen uns aber auch mit ganz aktuellen Themen: Wie funktioniert das Leben in der Stadt und auf dem Land, wie unterschiedlich leben Menschen in verschiedenen Regionen der Erde, und warum entscheiden sich einige von ihnen, ihre Heimat zu verlassen, um zum Beispiel in Deutschland ein neues Leben zu beginnen? Wir freuen uns darauf, mit euch an verschiedenen Themen aktuell und auch in Zukunft gemeinsam zu arbeiten, um so einen Beitrag für ein friedfertiges und gemeinschaftliches Leben auf unserer Erde zu leisten.</p>
<p><strong>Politik/Gesellschaft/Wirtschaft</strong></p>
<p>Im Fach PGW (Jg. 8 und 10) stehen wirtschaftliche Zusammenhänge und Demokratieerziehung im Vordergrund. In diesem Zusammenhang geht es am Ende des Jahrgangs 10 stets zu einer zweitägigen Erkundung geschichtlicher und politischer Lernorte nach Berlin, die sicherlich allen in guter Erinnerung bleibt.</p>
<p>Ab dem Schuljahr 2019/2020 werden wir wieder von der 5. bis zur 10. Klasse das Fach Gesellschaft unterrichten, in welchem Geschichte, Geographie und PGW integriert sind.</p>
<p><strong>Religion</strong></p>
<p>Das Besondere am Religionsunterricht in Hamburg ist, dass dieser die verschiedenen Religionen und Weltanschauungen gleichberechtigt berücksichtigt. Die Schülerinnen und Schüler erhalten dadurch die Gelegenheit, sowohl Grundkenntnisse in den verschiedenen Religionen als auch vertiefende Einblicke in ihre eigene Religion zu gewinnen. Dies fördert ihre Dialogkompetenz und Toleranzfähigkeit in hohem Maße.</p>
<p>An der Stadtteilschule Eidelstedt wird Religion in den Jahrgängen 5 und 6 im Klassenverband und in den Jahrgängen 7 und 10 in klassenübergreifenden Kursen unterrichtet. Ebenso haben die Schülerinnen und Schüler in der Oberstufe die Möglichkeit, Religion zu wählen (Klasse 11-13) und in diesem Fach das Abitur zu absolvieren.</p>
<div id='gallery-1' class='gallery galleryid-262 gallery-columns-4 gallery-size-thumbnail'><figure class='gallery-item'>
			<div class='gallery-icon landscape'>
				<a href='https://stadtteilschule-eidelstedt.hamburg.de/wp-content/uploads/sites/726/2018/10/11-2_reduziert.jpg' title="" data-rl_title="" class="rl-gallery-link" data-rl_caption="" data-rel="lightbox-gallery-1"><img loading="lazy" decoding="async" width="150" height="150" src="https://stadtteilschule-eidelstedt.hamburg.de/wp-content/uploads/sites/726/2018/10/11-2_reduziert-150x150.jpg" class="attachment-thumbnail size-thumbnail" alt="" srcset="https://stadtteilschule-eidelstedt.hamburg.de/wp-content/uploads/sites/726/2018/10/11-2_reduziert-150x150.jpg 150w, https://stadtteilschule-eidelstedt.hamburg.de/wp-content/uploads/sites/726/2018/10/11-2_reduziert-100x100.jpg 100w" sizes="auto, 100vw" /></a>
			</div></figure><figure class='gallery-item'>
			<div class='gallery-icon portrait'>
				<a href='https://stadtteilschule-eidelstedt.hamburg.de/wp-content/uploads/sites/726/2022/12/IMG_4407-scaled.jpg' title="" data-rl_title="" class="rl-gallery-link" data-rl_caption="" data-rel="lightbox-gallery-1"><img loading="lazy" decoding="async" width="150" height="150" src="https://stadtteilschule-eidelstedt.hamburg.de/wp-content/uploads/sites/726/2022/12/IMG_4407-150x150.jpg" class="attachment-thumbnail size-thumbnail" alt="" srcset="https://stadtteilschule-eidelstedt.hamburg.de/wp-content/uploads/sites/726/2022/12/IMG_4407-150x150.jpg 150w, https://stadtteilschule-eidelstedt.hamburg.de/wp-content/uploads/sites/726/2022/12/IMG_4407-100x100.jpg 100w" sizes="auto, 100vw" /></a>
			</div></figure><figure class='gallery-item'>
			<div class='gallery-icon landscape'>
				<a href='https://stadtteilschule-eidelstedt.hamburg.de/wp-content/uploads/sites/726/2018/10/11-3.jpg' title="" data-rl_title="" class="rl-gallery-link" data-rl_caption="" data-rel="lightbox-gallery-1"><img loading="lazy" decoding="async" width="150" height="150" src="https://stadtteilschule-eidelstedt.hamburg.de/wp-content/uploads/sites/726/2018/10/11-3-150x150.jpg" class="attachment-thumbnail size-thumbnail" alt="" srcset="https://stadtteilschule-eidelstedt.hamburg.de/wp-content/uploads/sites/726/2018/10/11-3-150x150.jpg 150w, https://stadtteilschule-eidelstedt.hamburg.de/wp-content/uploads/sites/726/2018/10/11-3-100x100.jpg 100w" sizes="auto, 100vw" /></a>
			</div></figure><figure class='gallery-item'>
			<div class='gallery-icon landscape'>
				<a href='https://stadtteilschule-eidelstedt.hamburg.de/wp-content/uploads/sites/726/2018/10/11-4-.jpg' title="" data-rl_title="" class="rl-gallery-link" data-rl_caption="" data-rel="lightbox-gallery-1"><img loading="lazy" decoding="async" width="150" height="150" src="https://stadtteilschule-eidelstedt.hamburg.de/wp-content/uploads/sites/726/2018/10/11-4--150x150.jpg" class="attachment-thumbnail size-thumbnail" alt="" srcset="https://stadtteilschule-eidelstedt.hamburg.de/wp-content/uploads/sites/726/2018/10/11-4--150x150.jpg 150w, https://stadtteilschule-eidelstedt.hamburg.de/wp-content/uploads/sites/726/2018/10/11-4--100x100.jpg 100w" sizes="auto, 100vw" /></a>
			</div></figure><figure class='gallery-item'>
			<div class='gallery-icon landscape'>
				<a href='https://stadtteilschule-eidelstedt.hamburg.de/wp-content/uploads/sites/726/2018/10/11_reduziert.jpg' title="" data-rl_title="" class="rl-gallery-link" data-rl_caption="" data-rel="lightbox-gallery-1"><img loading="lazy" decoding="async" width="150" height="150" src="https://stadtteilschule-eidelstedt.hamburg.de/wp-content/uploads/sites/726/2018/10/11_reduziert-150x150.jpg" class="attachment-thumbnail size-thumbnail" alt="" srcset="https://stadtteilschule-eidelstedt.hamburg.de/wp-content/uploads/sites/726/2018/10/11_reduziert-150x150.jpg 150w, https://stadtteilschule-eidelstedt.hamburg.de/wp-content/uploads/sites/726/2018/10/11_reduziert-100x100.jpg 100w" sizes="auto, 100vw" /></a>
			</div></figure>
		</div>

<p>Gesellschaft In den Jahrgängen 5 und 6 gibt es das Fach Gesellschaft, eine Kombination aus allen gesellschaftswissenschaftlichen Fächern. Unsere Lieblingsthemen sind dabei immer wieder „Kinder der Welt“ und „Schokolade“ – tolle Themen, bei denen unsere Schülerinnen und Schüler viel über die Welt und ihre Gesellschaften lernen. Auch nehmen wir uns regelmäßig Zeit für aktuelle Ereignisse &hellip; </p>
<p class="link-more"><a href="https://stadtteilschule-eidelstedt.hamburg.de/?page_id=262" class="more-link"><span class="screen-reader-text">„Gesellschaftswissenschaften“ </span>weiterlesen</a></p>
