{"id":31,"date":"2018-09-10T17:10:04","date_gmt":"2018-09-10T15:10:04","guid":{"rendered":"http:\/\/stadtteilschule-eidelstedt.schulhomepages.hamburg.de\/?page_id=31"},"modified":"2025-01-17T21:25:54","modified_gmt":"2025-01-17T20:25:54","slug":"das-neueste-aus-unserer-schule","status":"publish","type":"page","link":"https:\/\/stadtteilschule-eidelstedt.hamburg.de\/?page_id=31","title":{"rendered":"Aktuelles"},"content":{"rendered":"\n\n<div class=\"su-posts su-posts-default-loop \">\n\n\t\n\t\t\t\t\t\n\t\t\t\n\t\t\t<div id=\"su-post-8698\" class=\"su-post \">\n\n\t\t\t\t\t\t\t\t\t<a class=\"su-post-thumbnail\" href=\"https:\/\/stadtteilschule-eidelstedt.hamburg.de\/?p=8698\"><img loading=\"lazy\" decoding=\"async\" width=\"1056\" height=\"792\" src=\"https:\/\/stadtteilschule-eidelstedt.hamburg.de\/wp-content\/uploads\/sites\/726\/2026\/02\/20260215_073218000_iOS-1-Cropped.jpg\" class=\"attachment-post-thumbnail size-post-thumbnail wp-post-image\" alt=\"\" srcset=\"https:\/\/stadtteilschule-eidelstedt.hamburg.de\/wp-content\/uploads\/sites\/726\/2026\/02\/20260215_073218000_iOS-1-Cropped.jpg 1056w, https:\/\/stadtteilschule-eidelstedt.hamburg.de\/wp-content\/uploads\/sites\/726\/2026\/02\/20260215_073218000_iOS-1-Cropped-300x225.jpg 300w, https:\/\/stadtteilschule-eidelstedt.hamburg.de\/wp-content\/uploads\/sites\/726\/2026\/02\/20260215_073218000_iOS-1-Cropped-1024x768.jpg 1024w, https:\/\/stadtteilschule-eidelstedt.hamburg.de\/wp-content\/uploads\/sites\/726\/2026\/02\/20260215_073218000_iOS-1-Cropped-768x576.jpg 768w\" sizes=\"auto, 100vw\" \/><\/a>\n\t\t\t\t\n\t\t\t\t<h2 class=\"su-post-title\"><a href=\"https:\/\/stadtteilschule-eidelstedt.hamburg.de\/?p=8698\">Valentine\u2019s Party an der Lohkampstra\u00dfe<\/a><\/h2>\n\n\t\t\t\t<div class=\"su-post-meta\">\n\t\t\t\t\tVer\u00f6ffentlicht: 18. Februar 2026\t\t\t\t<\/div>\n\n\t\t\t\t<div class=\"su-post-excerpt\">\n\t\t\t\t\t<p>Am Freitag, den 13.02., fand in der Pausenhalle der Lohkampstra\u00dfe die diesj\u00e4hrige Valentine\u2019s Party statt. Die Veranstaltung wurde von der Klasse 9b und Frau Strahlendorf organisiert&#8230;<\/p>\n\t\t\t\t<\/div>\n\n\t\t\t\t\n\t\t\t<\/div>\n\n\t\t\t\t\t\n\t\t\t\n\t\t\t<div id=\"su-post-8676\" class=\"su-post \">\n\n\t\t\t\t\t\t\t\t\t<a class=\"su-post-thumbnail\" href=\"https:\/\/stadtteilschule-eidelstedt.hamburg.de\/?p=8676\"><img loading=\"lazy\" decoding=\"async\" width=\"1599\" height=\"1131\" src=\"https:\/\/stadtteilschule-eidelstedt.hamburg.de\/wp-content\/uploads\/sites\/726\/2026\/02\/Pausentalk.jpg\" class=\"attachment-post-thumbnail size-post-thumbnail wp-post-image\" alt=\"\" srcset=\"https:\/\/stadtteilschule-eidelstedt.hamburg.de\/wp-content\/uploads\/sites\/726\/2026\/02\/Pausentalk.jpg 1599w, https:\/\/stadtteilschule-eidelstedt.hamburg.de\/wp-content\/uploads\/sites\/726\/2026\/02\/Pausentalk-300x212.jpg 300w, https:\/\/stadtteilschule-eidelstedt.hamburg.de\/wp-content\/uploads\/sites\/726\/2026\/02\/Pausentalk-1024x724.jpg 1024w, https:\/\/stadtteilschule-eidelstedt.hamburg.de\/wp-content\/uploads\/sites\/726\/2026\/02\/Pausentalk-768x543.jpg 768w, https:\/\/stadtteilschule-eidelstedt.hamburg.de\/wp-content\/uploads\/sites\/726\/2026\/02\/Pausentalk-1536x1086.jpg 1536w\" sizes=\"auto, 100vw\" \/><\/a>\n\t\t\t\t\n\t\t\t\t<h2 class=\"su-post-title\"><a href=\"https:\/\/stadtteilschule-eidelstedt.hamburg.de\/?p=8676\">Podcast-Projekt der 9e: \u201ePausenTalk\u201c<\/a><\/h2>\n\n\t\t\t\t<div class=\"su-post-meta\">\n\t\t\t\t\tVer\u00f6ffentlicht: 4. Februar 2026\t\t\t\t<\/div>\n\n\t\t\t\t<div class=\"su-post-excerpt\">\n\t\t\t\t\t<p>Die Klasse 9e der Stadtteilschule Eidelstedt hat ein eigenes Podcast-Projekt auf die Beine gestellt: \u201ePausenTalk\u201c. In regelm\u00e4\u00dfigen Folgen besch\u00e4ftigen sich die Sch\u00fcler*innen mit aktuellen Themen und bringen dabei ihre eigenen Perspektiven und Fragen ein&#8230;<\/p>\n\t\t\t\t<\/div>\n\n\t\t\t\t\n\t\t\t<\/div>\n\n\t\t\t\t\t\n\t\t\t\n\t\t\t<div id=\"su-post-8662\" class=\"su-post \">\n\n\t\t\t\t\t\t\t\t\t<a class=\"su-post-thumbnail\" href=\"https:\/\/stadtteilschule-eidelstedt.hamburg.de\/?p=8662\"><img loading=\"lazy\" decoding=\"async\" width=\"2560\" height=\"1920\" src=\"https:\/\/stadtteilschule-eidelstedt.hamburg.de\/wp-content\/uploads\/sites\/726\/2026\/01\/IMG_8373-scaled.jpeg\" class=\"attachment-post-thumbnail size-post-thumbnail wp-post-image\" alt=\"\" srcset=\"https:\/\/stadtteilschule-eidelstedt.hamburg.de\/wp-content\/uploads\/sites\/726\/2026\/01\/IMG_8373-scaled.jpeg 2560w, https:\/\/stadtteilschule-eidelstedt.hamburg.de\/wp-content\/uploads\/sites\/726\/2026\/01\/IMG_8373-300x225.jpeg 300w, https:\/\/stadtteilschule-eidelstedt.hamburg.de\/wp-content\/uploads\/sites\/726\/2026\/01\/IMG_8373-1024x768.jpeg 1024w, https:\/\/stadtteilschule-eidelstedt.hamburg.de\/wp-content\/uploads\/sites\/726\/2026\/01\/IMG_8373-768x576.jpeg 768w, https:\/\/stadtteilschule-eidelstedt.hamburg.de\/wp-content\/uploads\/sites\/726\/2026\/01\/IMG_8373-1536x1152.jpeg 1536w, https:\/\/stadtteilschule-eidelstedt.hamburg.de\/wp-content\/uploads\/sites\/726\/2026\/01\/IMG_8373-2048x1536.jpeg 2048w\" sizes=\"auto, 100vw\" \/><\/a>\n\t\t\t\t\n\t\t\t\t<h2 class=\"su-post-title\"><a href=\"https:\/\/stadtteilschule-eidelstedt.hamburg.de\/?p=8662\">R\u00fcckblick auf unseren Tag der offenen T\u00fcr<\/a><\/h2>\n\n\t\t\t\t<div class=\"su-post-meta\">\n\t\t\t\t\tVer\u00f6ffentlicht: 21. Januar 2026\t\t\t\t<\/div>\n\n\t\t\t\t<div class=\"su-post-excerpt\">\n\t\t\t\t\t<p>Unser Tag der offenen T\u00fcr liegt nun hinter uns \u2013 und wir blicken auf einen rundum gelungenen Tag zur\u00fcck. Zahlreiche interessierte Besucherinnen nutzten die Gelegenheit, unsere Schule kennenzulernen, &#8230;<\/p>\n\t\t\t\t<\/div>\n\n\t\t\t\t\n\t\t\t<\/div>\n\n\t\t\t\t\t\n\t\t\t\n\t\t\t<div id=\"su-post-8653\" class=\"su-post \">\n\n\t\t\t\t\t\t\t\t\t<a class=\"su-post-thumbnail\" href=\"https:\/\/stadtteilschule-eidelstedt.hamburg.de\/?p=8653\"><img loading=\"lazy\" decoding=\"async\" width=\"2560\" height=\"1920\" src=\"https:\/\/stadtteilschule-eidelstedt.hamburg.de\/wp-content\/uploads\/sites\/726\/2026\/01\/neue-Abteilungsleitung-8-10-scaled.jpg\" class=\"attachment-post-thumbnail size-post-thumbnail wp-post-image\" alt=\"\" srcset=\"https:\/\/stadtteilschule-eidelstedt.hamburg.de\/wp-content\/uploads\/sites\/726\/2026\/01\/neue-Abteilungsleitung-8-10-scaled.jpg 2560w, https:\/\/stadtteilschule-eidelstedt.hamburg.de\/wp-content\/uploads\/sites\/726\/2026\/01\/neue-Abteilungsleitung-8-10-300x225.jpg 300w, https:\/\/stadtteilschule-eidelstedt.hamburg.de\/wp-content\/uploads\/sites\/726\/2026\/01\/neue-Abteilungsleitung-8-10-1024x768.jpg 1024w, https:\/\/stadtteilschule-eidelstedt.hamburg.de\/wp-content\/uploads\/sites\/726\/2026\/01\/neue-Abteilungsleitung-8-10-768x576.jpg 768w, https:\/\/stadtteilschule-eidelstedt.hamburg.de\/wp-content\/uploads\/sites\/726\/2026\/01\/neue-Abteilungsleitung-8-10-1536x1152.jpg 1536w, https:\/\/stadtteilschule-eidelstedt.hamburg.de\/wp-content\/uploads\/sites\/726\/2026\/01\/neue-Abteilungsleitung-8-10-2048x1536.jpg 2048w\" sizes=\"auto, 100vw\" \/><\/a>\n\t\t\t\t\n\t\t\t\t<h2 class=\"su-post-title\"><a href=\"https:\/\/stadtteilschule-eidelstedt.hamburg.de\/?p=8653\">\u201eAngekommen!\u201c \u2013 Ein pers\u00f6nlicher Gru\u00df unserer neuen Abteilungsleiterin f\u00fcr die Jahrg\u00e4nge 8\u201310<\/a><\/h2>\n\n\t\t\t\t<div class=\"su-post-meta\">\n\t\t\t\t\tVer\u00f6ffentlicht: 13. Januar 2026\t\t\t\t<\/div>\n\n\t\t\t\t<div class=\"su-post-excerpt\">\n\t\t\t\t\t<p>Seit Anfang dieses Schuljahres bin ich Teil der Stadtteilschule Eidelstedt \u2013 und ich kann ehrlich sagen: Ich f\u00fchle mich angekommen&#8230;<\/p>\n\t\t\t\t<\/div>\n\n\t\t\t\t\n\t\t\t<\/div>\n\n\t\t\t\t\t\n\t\t\t\n\t\t\t<div id=\"su-post-8637\" class=\"su-post \">\n\n\t\t\t\t\t\t\t\t\t<a class=\"su-post-thumbnail\" href=\"https:\/\/stadtteilschule-eidelstedt.hamburg.de\/?p=8637\"><img loading=\"lazy\" decoding=\"async\" width=\"2560\" height=\"1920\" src=\"https:\/\/stadtteilschule-eidelstedt.hamburg.de\/wp-content\/uploads\/sites\/726\/2026\/01\/neue-didaktische-Leitung-scaled.jpg\" class=\"attachment-post-thumbnail size-post-thumbnail wp-post-image\" alt=\"\" srcset=\"https:\/\/stadtteilschule-eidelstedt.hamburg.de\/wp-content\/uploads\/sites\/726\/2026\/01\/neue-didaktische-Leitung-scaled.jpg 2560w, https:\/\/stadtteilschule-eidelstedt.hamburg.de\/wp-content\/uploads\/sites\/726\/2026\/01\/neue-didaktische-Leitung-300x225.jpg 300w, https:\/\/stadtteilschule-eidelstedt.hamburg.de\/wp-content\/uploads\/sites\/726\/2026\/01\/neue-didaktische-Leitung-1024x768.jpg 1024w, https:\/\/stadtteilschule-eidelstedt.hamburg.de\/wp-content\/uploads\/sites\/726\/2026\/01\/neue-didaktische-Leitung-768x576.jpg 768w, https:\/\/stadtteilschule-eidelstedt.hamburg.de\/wp-content\/uploads\/sites\/726\/2026\/01\/neue-didaktische-Leitung-1536x1152.jpg 1536w, https:\/\/stadtteilschule-eidelstedt.hamburg.de\/wp-content\/uploads\/sites\/726\/2026\/01\/neue-didaktische-Leitung-2048x1536.jpg 2048w\" sizes=\"auto, 100vw\" \/><\/a>\n\t\t\t\t\n\t\t\t\t<h2 class=\"su-post-title\"><a href=\"https:\/\/stadtteilschule-eidelstedt.hamburg.de\/?p=8637\">Unsere didaktische Leitung stellt sich vor<\/a><\/h2>\n\n\t\t\t\t<div class=\"su-post-meta\">\n\t\t\t\t\tVer\u00f6ffentlicht: 9. Januar 2026\t\t\t\t<\/div>\n\n\t\t\t\t<div class=\"su-post-excerpt\">\n\t\t\t\t\t<p>Ich bin Sebastian Kruse und seit dem 01.12.2025 Didaktische Leitung an der Stadtteilschule Eidelstedt. Zuvor habe ich viele Jahre an der Stadtteilschule Bergedorf gearbeitet und war neben Unterricht&#8230;<\/p>\n\t\t\t\t<\/div>\n\n\t\t\t\t\n\t\t\t<\/div>\n\n\t\t\t\t\t\n\t\t\t\n\t\t\t<div id=\"su-post-8603\" class=\"su-post \">\n\n\t\t\t\t\t\t\t\t\t<a class=\"su-post-thumbnail\" href=\"https:\/\/stadtteilschule-eidelstedt.hamburg.de\/?p=8603\"><img loading=\"lazy\" decoding=\"async\" width=\"2560\" height=\"1920\" src=\"https:\/\/stadtteilschule-eidelstedt.hamburg.de\/wp-content\/uploads\/sites\/726\/2025\/12\/6EastSideGallery-scaled.jpeg\" class=\"attachment-post-thumbnail size-post-thumbnail wp-post-image\" alt=\"\" srcset=\"https:\/\/stadtteilschule-eidelstedt.hamburg.de\/wp-content\/uploads\/sites\/726\/2025\/12\/6EastSideGallery-scaled.jpeg 2560w, https:\/\/stadtteilschule-eidelstedt.hamburg.de\/wp-content\/uploads\/sites\/726\/2025\/12\/6EastSideGallery-300x225.jpeg 300w, https:\/\/stadtteilschule-eidelstedt.hamburg.de\/wp-content\/uploads\/sites\/726\/2025\/12\/6EastSideGallery-1024x768.jpeg 1024w, https:\/\/stadtteilschule-eidelstedt.hamburg.de\/wp-content\/uploads\/sites\/726\/2025\/12\/6EastSideGallery-768x576.jpeg 768w, https:\/\/stadtteilschule-eidelstedt.hamburg.de\/wp-content\/uploads\/sites\/726\/2025\/12\/6EastSideGallery-1536x1152.jpeg 1536w, https:\/\/stadtteilschule-eidelstedt.hamburg.de\/wp-content\/uploads\/sites\/726\/2025\/12\/6EastSideGallery-2048x1536.jpeg 2048w\" sizes=\"auto, 100vw\" \/><\/a>\n\t\t\t\t\n\t\t\t\t<h2 class=\"su-post-title\"><a href=\"https:\/\/stadtteilschule-eidelstedt.hamburg.de\/?p=8603\">Resonanzwoche Jahrgang 11<\/a><\/h2>\n\n\t\t\t\t<div class=\"su-post-meta\">\n\t\t\t\t\tVer\u00f6ffentlicht: 10. Dezember 2025\t\t\t\t<\/div>\n\n\t\t\t\t<div class=\"su-post-excerpt\">\n\t\t\t\t\t<p>Mit der Resonanzwoche im September startete Jahrgang 11 in das offene Lernen in der Oberstufe. Die Sch\u00fcler*innen setzen sich im Rahmen ihres Profils partizipativ mit Themen auseinander, die bei ihnen pers\u00f6nliche Resonanz ausl\u00f6sen, sodass nicht nur der kognitive Wissenserwerb, sondern auch neue Erfahrungen im Zentrum der Auseinandersetzung standen. In diesem Zusammenhang ging es f\u00fcr die &hellip; <\/p>\n<p class=\"link-more\"><a href=\"https:\/\/stadtteilschule-eidelstedt.hamburg.de\/?p=8603\" class=\"more-link\"><span class=\"screen-reader-text\">\u201eResonanzwoche Jahrgang 11\u201c <\/span>weiterlesen<\/a><\/p>\n\t\t\t\t<\/div>\n\n\t\t\t\t\n\t\t\t<\/div>\n\n\t\t\t\t\t\n\t\t\t\n\t\t\t<div id=\"su-post-8595\" class=\"su-post \">\n\n\t\t\t\t\t\t\t\t\t<a class=\"su-post-thumbnail\" href=\"https:\/\/stadtteilschule-eidelstedt.hamburg.de\/?p=8595\"><img loading=\"lazy\" decoding=\"async\" width=\"812\" height=\"609\" src=\"https:\/\/stadtteilschule-eidelstedt.hamburg.de\/wp-content\/uploads\/sites\/726\/2025\/12\/Plakat-Cropped.jpg\" class=\"attachment-post-thumbnail size-post-thumbnail wp-post-image\" alt=\"\" srcset=\"https:\/\/stadtteilschule-eidelstedt.hamburg.de\/wp-content\/uploads\/sites\/726\/2025\/12\/Plakat-Cropped.jpg 812w, https:\/\/stadtteilschule-eidelstedt.hamburg.de\/wp-content\/uploads\/sites\/726\/2025\/12\/Plakat-Cropped-300x225.jpg 300w, https:\/\/stadtteilschule-eidelstedt.hamburg.de\/wp-content\/uploads\/sites\/726\/2025\/12\/Plakat-Cropped-768x576.jpg 768w\" sizes=\"auto, 100vw\" \/><\/a>\n\t\t\t\t\n\t\t\t\t<h2 class=\"su-post-title\"><a href=\"https:\/\/stadtteilschule-eidelstedt.hamburg.de\/?p=8595\">Winterzauber \u2013 Musik zur Weihnachtszeit<\/a><\/h2>\n\n\t\t\t\t<div class=\"su-post-meta\">\n\t\t\t\t\tVer\u00f6ffentlicht: 8. Dezember 2025\t\t\t\t<\/div>\n\n\t\t\t\t<div class=\"su-post-excerpt\">\n\t\t\t\t\t<p>Die Musikfachschaft der Stadtteilschule Eidelstedt l\u00e4dt herzlich zum diesj\u00e4hrigen Konzert \u201eWinterzauber\u201c ein.<br \/>\nAm 15. Dezember 2025 um 18:00 Uhr verwandelt sich der&#8230;<\/p>\n\t\t\t\t<\/div>\n\n\t\t\t\t\n\t\t\t<\/div>\n\n\t\t\n\t\n<\/div>\n\n<p><a href=\"https:\/\/stadtteilschule-eidelstedt.hamburg.de\/?page_id=1061\">\u00e4ltere Beitr\u00e4ge&#8230;<\/a><\/p>\n<p><!--more--><\/p>\n<div class=\"teasers\">\n\n\n<div class=\"su-posts su-posts-teaser-loop teasers\">\n\n\t\t\t\t\t\t\n\t\t\t\n\t\t\t<div id=\"su-post-1061\" class=\"su-post \">\n\t\t\t\t\t\t\t\t\t<a class=\"su-post-thumbnail\" href=\"https:\/\/stadtteilschule-eidelstedt.hamburg.de\/?page_id=1061\"><img loading=\"lazy\" decoding=\"async\" width=\"1000\" height=\"667\" src=\"https:\/\/stadtteilschule-eidelstedt.hamburg.de\/wp-content\/uploads\/sites\/726\/2018\/10\/11-3.jpg\" class=\"attachment-post-thumbnail size-post-thumbnail wp-post-image\" alt=\"\" srcset=\"https:\/\/stadtteilschule-eidelstedt.hamburg.de\/wp-content\/uploads\/sites\/726\/2018\/10\/11-3.jpg 1000w, https:\/\/stadtteilschule-eidelstedt.hamburg.de\/wp-content\/uploads\/sites\/726\/2018\/10\/11-3-300x200.jpg 300w, https:\/\/stadtteilschule-eidelstedt.hamburg.de\/wp-content\/uploads\/sites\/726\/2018\/10\/11-3-768x512.jpg 768w, https:\/\/stadtteilschule-eidelstedt.hamburg.de\/wp-content\/uploads\/sites\/726\/2018\/10\/11-3-272x182.jpg 272w\" sizes=\"auto, 100vw\" \/><\/a>\n\t\t\t\t\t\t\t\t<h2 class=\"su-post-title\"><a href=\"https:\/\/stadtteilschule-eidelstedt.hamburg.de\/?page_id=1061\">\u00c4ltere Neuigkeiten<\/a><\/h2>\n\t\t\t<\/div>\n\n\t\t\t\t\t\n\t\t\t\n\t\t\t<div id=\"su-post-45\" class=\"su-post \">\n\t\t\t\t\t\t\t\t\t<a class=\"su-post-thumbnail\" href=\"https:\/\/stadtteilschule-eidelstedt.hamburg.de\/?page_id=45\"><img loading=\"lazy\" decoding=\"async\" width=\"1167\" height=\"803\" src=\"https:\/\/stadtteilschule-eidelstedt.hamburg.de\/wp-content\/uploads\/sites\/726\/2018\/10\/Miteinander-II.jpeg\" class=\"attachment-post-thumbnail size-post-thumbnail wp-post-image\" alt=\"\" srcset=\"https:\/\/stadtteilschule-eidelstedt.hamburg.de\/wp-content\/uploads\/sites\/726\/2018\/10\/Miteinander-II.jpeg 1167w, https:\/\/stadtteilschule-eidelstedt.hamburg.de\/wp-content\/uploads\/sites\/726\/2018\/10\/Miteinander-II-300x206.jpeg 300w, https:\/\/stadtteilschule-eidelstedt.hamburg.de\/wp-content\/uploads\/sites\/726\/2018\/10\/Miteinander-II-768x528.jpeg 768w, https:\/\/stadtteilschule-eidelstedt.hamburg.de\/wp-content\/uploads\/sites\/726\/2018\/10\/Miteinander-II-1024x705.jpeg 1024w\" sizes=\"auto, 100vw\" \/><\/a>\n\t\t\t\t\t\t\t\t<h2 class=\"su-post-title\"><a href=\"https:\/\/stadtteilschule-eidelstedt.hamburg.de\/?page_id=45\">Kalender<\/a><\/h2>\n\t\t\t<\/div>\n\n\t\t\t\n<\/div>\n\n<div>&nbsp;<\/div>\n<\/div>\n","protected":false},"excerpt":{"rendered":"<p>\u00e4ltere Beitr\u00e4ge&#8230;<\/p>\n","protected":false},"author":898,"featured_media":971,"parent":11,"menu_order":20,"comment_status":"closed","ping_status":"closed","template":"","meta":{"_acf_changed":false,"footnotes":""},"class_list":["post-31","page","type-page","status-publish","has-post-thumbnail","hentry"],"acf":[],"_links":{"self":[{"href":"https:\/\/stadtteilschule-eidelstedt.hamburg.de\/index.php?rest_route=\/wp\/v2\/pages\/31","targetHints":{"allow":["GET"]}}],"collection":[{"href":"https:\/\/stadtteilschule-eidelstedt.hamburg.de\/index.php?rest_route=\/wp\/v2\/pages"}],"about":[{"href":"https:\/\/stadtteilschule-eidelstedt.hamburg.de\/index.php?rest_route=\/wp\/v2\/types\/page"}],"author":[{"embeddable":true,"href":"https:\/\/stadtteilschule-eidelstedt.hamburg.de\/index.php?rest_route=\/wp\/v2\/users\/898"}],"replies":[{"embeddable":true,"href":"https:\/\/stadtteilschule-eidelstedt.hamburg.de\/index.php?rest_route=%2Fwp%2Fv2%2Fcomments&post=31"}],"version-history":[{"count":5,"href":"https:\/\/stadtteilschule-eidelstedt.hamburg.de\/index.php?rest_route=\/wp\/v2\/pages\/31\/revisions"}],"predecessor-version":[{"id":7960,"href":"https:\/\/stadtteilschule-eidelstedt.hamburg.de\/index.php?rest_route=\/wp\/v2\/pages\/31\/revisions\/7960"}],"up":[{"embeddable":true,"href":"https:\/\/stadtteilschule-eidelstedt.hamburg.de\/index.php?rest_route=\/wp\/v2\/pages\/11"}],"wp:featuredmedia":[{"embeddable":true,"href":"https:\/\/stadtteilschule-eidelstedt.hamburg.de\/index.php?rest_route=\/wp\/v2\/media\/971"}],"wp:attachment":[{"href":"https:\/\/stadtteilschule-eidelstedt.hamburg.de\/index.php?rest_route=%2Fwp%2Fv2%2Fmedia&parent=31"}],"curies":[{"name":"wp","href":"https:\/\/api.w.org\/{rel}","templated":true}]}}