{"id":944,"date":"2019-01-13T19:09:50","date_gmt":"2019-01-13T18:09:50","guid":{"rendered":"http:\/\/stadtteilschule-eidelstedt.hamburg.de\/?page_id=944"},"modified":"2024-07-15T13:01:44","modified_gmt":"2024-07-15T11:01:44","slug":"begabtenfoerderung","status":"publish","type":"page","link":"https:\/\/stadtteilschule-eidelstedt.hamburg.de\/?page_id=944","title":{"rendered":"Begabungsf\u00f6rderung"},"content":{"rendered":"<p>F\u00fcr eine bestm\u00f6gliche individuelle Entwicklung aller Sch\u00fclerinnen und Sch\u00fcler ist uns auch die F\u00f6rderung besonderer St\u00e4rken wichtig.<\/p>\n<p>Dies sind unsere Angebote f\u00fcr Sch\u00fclerinnen und Sch\u00fcler mit besonderen Begabungen:<\/p>\n<p>Im &#8222;Dreht\u00fcrkurs&#8220; arbeiten besonders begabte Sch\u00fclerinnen und Sch\u00fcler au\u00dferhalb des Regelunterrichts, aber w\u00e4hrend der normalen Unterrichtszeit an individuellen Projekten. Dabei k\u00f6nnen sie in dem schulischen Bereich, in dem sie besondere Begabungen zeigen, tiefer in die Materie eintauchen, zu selbstgew\u00e4hlten Themen arbeiten und dabei \u00fcber mehrere Wochen oder Monate ein Projekt auf die Beine stellen, das beispielsweise auf Veranstaltungen oder auch im Unterricht gesehen und genutzt werden kann. Wir achten darauf, dass die Sch\u00fclerinnen und Sch\u00fcler fachlich davon profitieren, selbstst\u00e4ndig arbeiten und nat\u00fcrlich den verpassten Unterrichtsstoff aus dieser Zeit nacharbeiten. In dem Kurs wird f\u00e4cher- und klassenstufen\u00fcbergreifend gearbeitet.&nbsp;<\/p>\n<p>Sch\u00fclerinnen und Sch\u00fclern, f\u00fcr die der Dreht\u00fcrkurs als besondere F\u00f6rderm\u00f6glichkeit nicht geeignet ist oder nicht ausreicht, erhalten eine individuelle Betreuung. Hier wird zum Beispiel die Teilnahme an Wettbewerben angeregt und begleitet.<\/p>\n<p>Schlie\u00dflich geh\u00f6rt zur F\u00f6rderung besonders begabter Sch\u00fclerinnen und Sch\u00fcler auch die Beratung der Eltern und der Lehrerinnen und Lehrer, welche die betreffenden Sch\u00fclerinnen und Sch\u00fcler unterrichten, damit eine ganzheitliche F\u00f6rderung stattfinden kann.<\/p>\n<p>&nbsp;<\/p>\n<p>Ansprechpartnerin:<\/p>\n<p>Frau Eruygun,&nbsp;<br \/>\nTelefonnummer: 040 428 796 &#8211; 0 (Sekretariat)<br \/>\nE-Mail-Adresse: <a class=\"mail\" title=\"Opens internal link in current window\" href=\"mailto:eruygun@stsei.de\">eruygun@stsei.de<\/a><\/p>\n","protected":false},"excerpt":{"rendered":"<p>F\u00fcr eine bestm\u00f6gliche individuelle Entwicklung aller Sch\u00fclerinnen und Sch\u00fcler ist uns auch die F\u00f6rderung besonderer St\u00e4rken wichtig. Dies sind unsere Angebote f\u00fcr Sch\u00fclerinnen und Sch\u00fcler mit besonderen Begabungen: Im &#8222;Dreht\u00fcrkurs&#8220; arbeiten besonders begabte Sch\u00fclerinnen und Sch\u00fcler au\u00dferhalb des Regelunterrichts, aber w\u00e4hrend der normalen Unterrichtszeit an individuellen Projekten. Dabei k\u00f6nnen sie in dem schulischen Bereich, in &hellip; <\/p>\n<p class=\"link-more\"><a href=\"https:\/\/stadtteilschule-eidelstedt.hamburg.de\/?page_id=944\" class=\"more-link\"><span class=\"screen-reader-text\">\u201eBegabungsf\u00f6rderung\u201c <\/span>weiterlesen<\/a><\/p>\n","protected":false},"author":898,"featured_media":581,"parent":6,"menu_order":70,"comment_status":"closed","ping_status":"closed","template":"","meta":{"_acf_changed":false,"footnotes":""},"class_list":["post-944","page","type-page","status-publish","has-post-thumbnail","hentry"],"acf":[],"_links":{"self":[{"href":"https:\/\/stadtteilschule-eidelstedt.hamburg.de\/index.php?rest_route=\/wp\/v2\/pages\/944","targetHints":{"allow":["GET"]}}],"collection":[{"href":"https:\/\/stadtteilschule-eidelstedt.hamburg.de\/index.php?rest_route=\/wp\/v2\/pages"}],"about":[{"href":"https:\/\/stadtteilschule-eidelstedt.hamburg.de\/index.php?rest_route=\/wp\/v2\/types\/page"}],"author":[{"embeddable":true,"href":"https:\/\/stadtteilschule-eidelstedt.hamburg.de\/index.php?rest_route=\/wp\/v2\/users\/898"}],"replies":[{"embeddable":true,"href":"https:\/\/stadtteilschule-eidelstedt.hamburg.de\/index.php?rest_route=%2Fwp%2Fv2%2Fcomments&post=944"}],"version-history":[{"count":5,"href":"https:\/\/stadtteilschule-eidelstedt.hamburg.de\/index.php?rest_route=\/wp\/v2\/pages\/944\/revisions"}],"predecessor-version":[{"id":7540,"href":"https:\/\/stadtteilschule-eidelstedt.hamburg.de\/index.php?rest_route=\/wp\/v2\/pages\/944\/revisions\/7540"}],"up":[{"embeddable":true,"href":"https:\/\/stadtteilschule-eidelstedt.hamburg.de\/index.php?rest_route=\/wp\/v2\/pages\/6"}],"wp:featuredmedia":[{"embeddable":true,"href":"https:\/\/stadtteilschule-eidelstedt.hamburg.de\/index.php?rest_route=\/wp\/v2\/media\/581"}],"wp:attachment":[{"href":"https:\/\/stadtteilschule-eidelstedt.hamburg.de\/index.php?rest_route=%2Fwp%2Fv2%2Fmedia&parent=944"}],"curies":[{"name":"wp","href":"https:\/\/api.w.org\/{rel}","templated":true}]}}